{"id":471,"date":"2025-04-22T23:21:52","date_gmt":"2025-04-22T21:21:52","guid":{"rendered":"https:\/\/tierhilfe-antalya.de\/?page_id=471"},"modified":"2025-10-06T14:10:27","modified_gmt":"2025-10-06T12:10:27","slug":"impressum","status":"publish","type":"page","link":"https:\/\/tierhilfe-antalya.de\/?page_id=471","title":{"rendered":"Impressum"},"content":{"rendered":"\t\t<div data-elementor-type=\"wp-page\" data-elementor-id=\"471\" class=\"elementor elementor-471\" data-elementor-settings=\"{&quot;element_pack_global_tooltip_width&quot;:{&quot;unit&quot;:&quot;px&quot;,&quot;size&quot;:&quot;&quot;,&quot;sizes&quot;:[]},&quot;element_pack_global_tooltip_width_tablet&quot;:{&quot;unit&quot;:&quot;px&quot;,&quot;size&quot;:&quot;&quot;,&quot;sizes&quot;:[]},&quot;element_pack_global_tooltip_width_mobile&quot;:{&quot;unit&quot;:&quot;px&quot;,&quot;size&quot;:&quot;&quot;,&quot;sizes&quot;:[]},&quot;element_pack_global_tooltip_padding&quot;:{&quot;unit&quot;:&quot;px&quot;,&quot;top&quot;:&quot;&quot;,&quot;right&quot;:&quot;&quot;,&quot;bottom&quot;:&quot;&quot;,&quot;left&quot;:&quot;&quot;,&quot;isLinked&quot;:true},&quot;element_pack_global_tooltip_padding_tablet&quot;:{&quot;unit&quot;:&quot;px&quot;,&quot;top&quot;:&quot;&quot;,&quot;right&quot;:&quot;&quot;,&quot;bottom&quot;:&quot;&quot;,&quot;left&quot;:&quot;&quot;,&quot;isLinked&quot;:true},&quot;element_pack_global_tooltip_padding_mobile&quot;:{&quot;unit&quot;:&quot;px&quot;,&quot;top&quot;:&quot;&quot;,&quot;right&quot;:&quot;&quot;,&quot;bottom&quot;:&quot;&quot;,&quot;left&quot;:&quot;&quot;,&quot;isLinked&quot;:true},&quot;element_pack_global_tooltip_border_radius&quot;:{&quot;unit&quot;:&quot;px&quot;,&quot;top&quot;:&quot;&quot;,&quot;right&quot;:&quot;&quot;,&quot;bottom&quot;:&quot;&quot;,&quot;left&quot;:&quot;&quot;,&quot;isLinked&quot;:true},&quot;element_pack_global_tooltip_border_radius_tablet&quot;:{&quot;unit&quot;:&quot;px&quot;,&quot;top&quot;:&quot;&quot;,&quot;right&quot;:&quot;&quot;,&quot;bottom&quot;:&quot;&quot;,&quot;left&quot;:&quot;&quot;,&quot;isLinked&quot;:true},&quot;element_pack_global_tooltip_border_radius_mobile&quot;:{&quot;unit&quot;:&quot;px&quot;,&quot;top&quot;:&quot;&quot;,&quot;right&quot;:&quot;&quot;,&quot;bottom&quot;:&quot;&quot;,&quot;left&quot;:&quot;&quot;,&quot;isLinked&quot;:true}}\" data-elementor-post-type=\"page\">\n\t\t\t\t<div class=\"elementor-element elementor-element-ff2a60e e-flex e-con-boxed e-con e-parent\" data-id=\"ff2a60e\" data-element_type=\"container\" data-e-type=\"container\">\n\t\t\t\t\t<div class=\"e-con-inner\">\n\t\t\t\t<div class=\"elementor-element elementor-element-246dc2d elementor-widget elementor-widget-heading\" data-id=\"246dc2d\" data-element_type=\"widget\" data-e-type=\"widget\" data-widget_type=\"heading.default\">\n\t\t\t\t<div class=\"elementor-widget-container\">\n\t\t\t\t\t<h2 class=\"elementor-heading-title elementor-size-default\">Impressum<\/h2>\t\t\t\t<\/div>\n\t\t\t\t<\/div>\n\t\t\t\t\t<\/div>\n\t\t\t\t<\/div>\n\t\t<div class=\"elementor-element elementor-element-56408de e-flex e-con-boxed e-con e-parent\" data-id=\"56408de\" data-element_type=\"container\" data-e-type=\"container\">\n\t\t\t\t\t<div class=\"e-con-inner\">\n\t\t\t\t<div class=\"elementor-element elementor-element-551a3e1 elementor-widget elementor-widget-text-editor\" data-id=\"551a3e1\" data-element_type=\"widget\" data-e-type=\"widget\" data-widget_type=\"text-editor.default\">\n\t\t\t\t<div class=\"elementor-widget-container\">\n\t\t\t\t\t\t\t\t\t<p><strong>Angaben gem\u00e4\u00df \u00a7 5&nbsp;DDG<\/strong><br>Tier\u00adhil\u00adfe Antalya e. V., Br\u00fcs\u00adsel\u00ader Stra\u00dfe 48, 53909 Z\u00fclpich&nbsp;<\/p><p><strong>Vertreten durch: <\/strong><br>Doris Steg-Mag\u00adnussen<\/p><p><strong>Reg\u00adis\u00adtere\u00adin\u00adtrag: <\/strong><br>Ein\u00adtra\u00adgung im Vere\u00adin\u00adsreg\u00adis\u00adter. Reg\u00adis\u00adterg\u00adericht: Bonn, Reg\u00adis\u00adter\u00adnum\u00admer:&nbsp;10002<\/p><p><strong>Auf\u00adsichts\u00adbe\u00adh\u00f6rde:<\/strong><br>Genehmi\u00adgung nach \u00a711 Abs. 1&nbsp;Nr. 5&nbsp;TSchG<br>erteilt durch das Lan\u00addrat\u00adsamt Euskirchen, Abt. 39 Vet\u00ader\u00adin\u00e4r\u00adwe\u00adsen und Lebens\u00admit\u00adtel\u00fcberwachung<br>53877 Euskirchen, J\u00fclich\u00ader Ring 32<br>Tele\u00adfon: 02251 15\u20130<br>E\u2011Mail: mailbox@\u200bkreis-\u200beuskirchen.\u200bde<\/p><p><strong>Ver\u00adant\u00adwortlich f\u00fcr den Inhalt nach \u00a7 18 Abs. 2&nbsp;MStV:<\/strong><br>Doris Steg-Mag\u00adnussen, Br\u00fcs\u00adsel\u00ader Stra\u00dfe 48, 53909 Z\u00fclpich<\/p><p><strong>Haf\u00adtungsauss\u00adchluss: <\/strong><\/p><p><strong>Haf\u00adtung f\u00fcr Inhalte<\/strong><\/p><p>Die Inhalte unser\u00ader Seit\u00aden wur\u00adden mit gr\u00f6\u00dfter Sorgfalt erstellt. F\u00fcr die Richtigkeit, Voll\u00adst\u00e4ndigkeit und Aktu\u00adal\u00adit\u00e4t der Inhalte k\u00f6n\u00adnen wir jedoch keine Gew\u00e4hr \u00fcbernehmen. Als Dien\u00adstean\u00adbi\u00adeter sind wir gem\u00e4\u00df \u00a7 7&nbsp;Abs.1 DDG f\u00fcr eigene Inhalte auf diesen Seit\u00aden nach den all\u00adge\u00admeinen Geset\u00adzen ver\u00adant\u00adwortlich. Nach \u00a7\u00a7 8&nbsp;bis 10 DDG sind wir als Dien\u00adstean\u00adbi\u00adeter jedoch nicht verpflichtet, \u00fcber\u00admit\u00adtelte oder gespe\u00adicherte fremde Infor\u00adma\u00adtio\u00adnen zu \u00fcberwachen oder nach Umst\u00e4n\u00adden zu forschen, die auf eine rechtswidrige T\u00e4tigkeit hin\u00adweisen. Verpflich\u00adtun\u00adgen zur Ent\u00adfer\u00adnung oder Sper\u00adrung der Nutzung von Infor\u00adma\u00adtio\u00adnen nach den all\u00adge\u00admeinen Geset\u00adzen bleiben hier\u00advon unber\u00fchrt. Eine dies\u00adbez\u00fcgliche Haf\u00adtung ist jedoch erst ab dem Zeit\u00adpunkt der Ken\u00adnt\u00adnis ein\u00ader konkreten Rechtsver\u00adlet\u00adzung m\u00f6glich. Bei Bekan\u00adntwer\u00adden von entsprechen\u00adden Rechtsver\u00adlet\u00adzun\u00adgen wer\u00adden wir diese Inhalte umge\u00adhend entfernen.<\/p><p><strong>Haf\u00adtung f\u00fcr&nbsp;Links<\/strong><\/p><p>Unser Ange\u00adbot enth\u00e4lt Links zu exter\u00adnen Web\u00adseit\u00aden Drit\u00adter, auf deren Inhalte wir keinen Ein\u00adfluss haben. Deshalb k\u00f6n\u00adnen wir f\u00fcr diese frem\u00adden Inhalte auch keine Gew\u00e4hr \u00fcbernehmen. F\u00fcr die Inhalte der ver\u00adlink\u00adten Seit\u00aden ist stets der jew\u00adeilige Anbi\u00adeter oder Betreiber der Seit\u00aden ver\u00adant\u00adwortlich. Die ver\u00adlink\u00adten Seit\u00aden wur\u00adden zum Zeit\u00adpunkt der Ver\u00adlinkung auf m\u00f6gliche Rechtsver\u00adst\u00f6\u00dfe \u00fcber\u00adpr\u00fcft. Rechtswidrige Inhalte waren zum Zeit\u00adpunkt der Ver\u00adlinkung nicht erkennbar. Eine per\u00adma\u00adnente inhaltliche Kon\u00adtrolle der ver\u00adlink\u00adten Seit\u00aden ist jedoch ohne konkrete Anhalt\u00adspunk\u00adte ein\u00ader Rechtsver\u00adlet\u00adzung nicht zumut\u00adbar. Bei Bekan\u00adntwer\u00adden von Rechtsver\u00adlet\u00adzun\u00adgen wer\u00adden wir der\u00adar\u00adtige Links umge\u00adhend entfernen.<\/p><p><strong>Urhe\u00adber\u00adrecht<\/strong><\/p><p>Die durch die Seit\u00aden\u00adbe\u00adtreiber erstell\u00adten Inhalte und Werke auf diesen Seit\u00aden unter\u00adliegen dem deutschen Urhe\u00adber\u00adrecht. Die Vervielf\u00e4l\u00adti\u00adgung, Bear\u00adbeitung, Ver\u00adbre\u00aditung und jede Art der Ver\u00adw\u00ader\u00adtung au\u00dfer\u00adhalb der Gren\u00adzen des Urhe\u00adber\u00adrecht\u00ades bed\u00fcr\u00adfen der schriftlichen Zus\u00adtim\u00admung des jew\u00adeili\u00adgen Autors bzw. Erstellers. Down\u00adloads und Kopi\u00aden dieser Seite sind nur f\u00fcr den pri\u00advat\u00aden, nicht kom\u00admerziellen Gebrauch ges\u00adtat\u00adtet. Soweit die Inhalte auf dieser Seite nicht vom Betreiber erstellt wur\u00adden, wer\u00adden die Urhe\u00adber\u00adrechte Drit\u00adter beachtet. Ins\u00adbeson\u00addere wer\u00adden Inhalte Drit\u00adter als solche gekennze\u00adich\u00adnet. Soll\u00adten Sie trotz\u00addem auf eine Urhe\u00adber\u00adrechtsver\u00adlet\u00adzung aufmerk\u00adsam wer\u00adden, bit\u00adten wir um einen entsprechen\u00adden Hin\u00adweis. Bei Bekan\u00adntwer\u00adden von Rechtsver\u00adlet\u00adzun\u00adgen wer\u00adden wir der\u00adar\u00adtige Inhalte umge\u00adhend entfernen.<\/p><p><strong>Daten\u00adschutz<\/strong><\/p><p>Die Nutzung unser\u00ader Web\u00adseite ist in der Regel ohne Angabe per\u00adso\u00adn\u00aden\u00adbe\u00adzo\u00adgen\u00ader Dat\u00aden m\u00f6glich. Soweit auf unseren Seit\u00aden per\u00adso\u00adn\u00aden\u00adbe\u00adzo\u00adgene Dat\u00aden (beispiel\u00adsweise Name, Anschrift oder eMail-Adressen) erhoben wer\u00adden, erfol\u00adgt dies, soweit m\u00f6glich, stets auf frei\u00adwilliger Basis. Diese Dat\u00aden wer\u00adden ohne Ihre aus\u00addr\u00fcck\u00adliche Zus\u00adtim\u00admung nicht an Dritte weit\u00adergegeben. <br>Wir weisen darauf hin, dass die Daten\u00fcber\u00adtra\u00adgung im Inter\u00adnet (z.B. bei der Kom\u00admu\u00adnika\u00adtion per E\u2011Mail) Sicher\u00adheit\u00adsl\u00fcck\u00aden aufweisen kann. Ein l\u00fcck\u00aden\u00adlos\u00ader Schutz der Dat\u00aden vor dem Zugriff durch Dritte ist nicht m\u00f6glich. <br>Der Nutzung von im Rah\u00admen der Impres\u00adsum\u00adspflicht ver\u00f6f\u00adfentlicht\u00aden Kon\u00adtak\u00adt\u00addat\u00aden durch Dritte zur \u00dcbersendung von nicht aus\u00addr\u00fcck\u00adlich ange\u00adfordert\u00ader Wer\u00adbung und Infor\u00adma\u00adtion\u00ads\u00adma\u00adte\u00adri\u00adalien wird hier\u00admit aus\u00addr\u00fcck\u00adlich wider\u00adsprochen. Die Betreiber der Seit\u00aden behal\u00adten sich aus\u00addr\u00fcck\u00adlich rechtliche Schritte im Falle der unver\u00adlangten Zusendung von Wer\u00adbe\u00adin\u00adfor\u00adma\u00adtio\u00adnen, etwa durch Spam-Mails, vor.<\/p><p><strong>Google Ana\u00adlyt\u00adics<\/strong><\/p><p>Diese Web\u00adsite benutzt Google Ana\u00adlyt\u00adics, einen Web\u00adanalyse\u00addi\u00adenst der Google Inc. (\u201dGoogle\u201d). Google Ana\u00adlyt\u00adics ver\u00adwen\u00addet sog. \u201dCook\u00adies\u201d, Text\u00addateien, die auf Ihrem Com\u00adput\u00ader gespe\u00adichert wer\u00adden und die eine Analyse der Benutzung der Web\u00adsite durch Sie erm\u00f6glicht. Die durch den Cook\u00adie erzeugten Infor\u00adma\u00adtio\u00adnen \u00fcber Ihre Benutzung dieser Web\u00adsite (ein\u00adschlie\u00dflich Ihrer IP-Adresse) wird an einen Serv\u00ader von Google in den USA \u00fcber\u00adtra\u00adgen und dort gespe\u00adichert. Google wird diese Infor\u00adma\u00adtio\u00adnen benutzen, um Ihre Nutzung der Web\u00adsite auszuw\u00aderten, um Reports \u00fcber die Web\u00adsiteak\u00adtiv\u00adit\u00e4ten f\u00fcr die Web\u00adsite\u00adbe\u00adtreiber zusam\u00admen\u00adzustellen und um weit\u00adere mit der Web\u00adsitenutzung und der Inter\u00adnet\u00adnutzung ver\u00adbun\u00addene Dien\u00adstleis\u00adtun\u00adgen zu erbrin\u00adgen. Auch wird Google diese Infor\u00adma\u00adtio\u00adnen gegebe\u00adnen\u00adfalls an Dritte \u00fcber\u00adtra\u00adgen, sofern dies geset\u00adzlich vorgeschrieben oder soweit Dritte diese Dat\u00aden im Auf\u00adtrag von Google ver\u00adar\u00adbeit\u00aden. Google wird in keinem Fall Ihre IP-Adresse mit anderen Dat\u00aden der Google in Verbindung brin\u00adgen. Sie k\u00f6n\u00adnen die Instal\u00adla\u00adtion der Cook\u00adies durch eine entsprechende Ein\u00adstel\u00adlung Ihrer Brows\u00ader Soft\u00adware ver\u00adhin\u00addern; wir weisen Sie jedoch darauf hin, dass Sie in diesem Fall gegebe\u00adnen\u00adfalls nicht s\u00e4mtliche Funk\u00adtio\u00adnen dieser Web\u00adsite voll umf\u00e4nglich nutzen k\u00f6n\u00adnen. Durch die Nutzung dieser Web\u00adsite erk\u00adl\u00e4ren Sie sich mit der Bear\u00adbeitung der \u00fcber Sie erhobe\u00adnen Dat\u00aden durch Google in der zuvor beschriebe\u00adnen Art und Weise und zu dem zuvor benan\u00adnten Zweck einverstanden.<\/p><p><strong>Google AdSense<\/strong><\/p><p>Diese Web\u00adsite benutzt Google Adsense, einen Webanzeigen\u00addi\u00adenst der Google Inc., USA (\u201dGoogle\u201d). Google Adsense ver\u00adwen\u00addet sog. \u201dCook\u00adies\u201d (Text\u00addateien), die auf Ihrem Com\u00adput\u00ader gespe\u00adichert wer\u00adden und die eine Analyse der Benutzung der Web\u00adsite durch Sie erm\u00f6glicht. Google Adsense ver\u00adwen\u00addet auch sog. \u201dWeb Bea\u00adcons\u201d (kleine unsicht\u00adbare Grafiken) zur Samm\u00adlung von Infor\u00adma\u00adtio\u00adnen. Durch die Ver\u00adwen\u00addung des Web Bea\u00adcons k\u00f6n\u00adnen ein\u00adfache Aktio\u00adnen wie der Besucherverkehr auf der Web\u00adseite aufgeze\u00adich\u00adnet und gesam\u00admelt wer\u00adden. Die durch den Cook\u00adie und\/oder Web Bea\u00adcon erzeugten Infor\u00adma\u00adtio\u00adnen \u00fcber Ihre Benutzung dieser Web\u00adsite (ein\u00adschlie\u00dflich Ihrer IP-Adresse) wer\u00adden an einen Serv\u00ader von Google in den USA \u00fcber\u00adtra\u00adgen und dort gespe\u00adichert. Google wird diese Infor\u00adma\u00adtio\u00adnen benutzen, um Ihre Nutzung der Web\u00adsite im Hin\u00adblick auf die Anzeigen auszuw\u00aderten, um Reports \u00fcber die Web\u00adsiteak\u00adtiv\u00adit\u00e4ten und Anzeigen f\u00fcr die Web\u00adsite\u00adbe\u00adtreiber zusam\u00admen\u00adzustellen und um weit\u00adere mit der Web\u00adsitenutzung und der Inter\u00adnet\u00adnutzung ver\u00adbun\u00addene Dien\u00adstleis\u00adtun\u00adgen zu erbrin\u00adgen. Auch wird Google diese Infor\u00adma\u00adtio\u00adnen gegebe\u00adnen\u00adfalls an Dritte \u00fcber\u00adtra\u00adgen, sofern dies geset\u00adzlich vorgeschrieben oder soweit Dritte diese Dat\u00aden im Auf\u00adtrag von Google ver\u00adar\u00adbeit\u00aden. Google wird in keinem Fall Ihre IP-Adresse mit anderen Dat\u00aden der Google in Verbindung brin\u00adgen. Das Spe\u00adich\u00adern von Cook\u00adies auf Ihrer Fest\u00adplat\u00adte und die Anzeige von Web Bea\u00adcons k\u00f6n\u00adnen Sie ver\u00adhin\u00addern, indem Sie in Ihren Brows\u00ader-Ein\u00adstel\u00adlun\u00adgen \u201dkeine Cook\u00adies akzep\u00adtieren\u201d w\u00e4hlen (Im MS Inter\u00adnet-Explor\u00ader unter \u201dExtras &gt; Inter\u00adne\u00adtop\u00adtio\u00adnen &gt; Daten\u00adschutz &gt; Ein\u00adstel\u00adlung\u201d; im Fire\u00adfox unter \u201dExtras &gt; Ein\u00adstel\u00adlun\u00adgen &gt; Daten\u00adschutz &gt; Cook\u00adies\u201d); wir weisen Sie jedoch darauf hin, dass Sie in diesem Fall gegebe\u00adnen\u00adfalls nicht s\u00e4mtliche Funk\u00adtio\u00adnen dieser Web\u00adsite voll umf\u00e4nglich nutzen k\u00f6n\u00adnen. Durch die Nutzung dieser Web\u00adsite erk\u00adl\u00e4ren Sie sich mit der Bear\u00adbeitung der \u00fcber Sie erhobe\u00adnen Dat\u00aden durch Google in der zuvor beschriebe\u00adnen Art und Weise und zu dem zuvor benan\u00adnten Zweck einverstanden.<\/p><div id=\"link\">Erstellt mit dem <a href=\"https:\/\/impressum-generator.de\" rel=\"dofollow\">Impres\u00adsum-Gen\u00ader\u00ada\u00adtor<\/a> von Web\u200bsiteWis\u200bsen\u200b.com, dem Rat\u00adge\u00adber f\u00fcr <a href=\"https:\/\/websitewissen.com\/website-erstellen\" rel=\"dofollow\">Web\u00adsite-Erstel\u00adlung<\/a>, <a href=\"https:\/\/websitewissen.com\/homepage-baukasten-vergleich\" rel=\"dofollow\">Home\u00adpage-Bauk\u00e4sten<\/a> und <a href=\"https:\/\/websitewissen.com\/shopsysteme-vergleich\" rel=\"dofollow\">Shop\u00adsys\u00adteme<\/a>. Recht\u00ads\u00adtext von der <a href=\"https:\/\/www.kanzlei-hasselbach.de\/\" rel=\"dofollow\">Kan\u00adzlei Has\u00adsel\u00adbach<\/a>.<\/div>\t\t\t\t\t\t\t\t<\/div>\n\t\t\t\t<\/div>\n\t\t\t\t\t<\/div>\n\t\t\t\t<\/div>\n\t\t\t\t<\/div>\n\t\t","protected":false},"excerpt":{"rendered":"<p>Impres\u00adsum Angaben gem\u00e4\u00df \u00a7 5&nbsp;DDGTier\u00adhil\u00adfe Antalya e. V., Br\u00fcs\u00adsel\u00ader Stra\u00dfe 48, 53909 Z\u00fclpich&nbsp; Vertreten durch: Doris Steg-Mag\u00adnussen Reg\u00adis\u00adtere\u00adin\u00adtrag: Ein\u00adtra\u00adgung&nbsp;im&nbsp;[\u2026]<\/p>\n","protected":false},"author":1,"featured_media":0,"parent":0,"menu_order":0,"comment_status":"closed","ping_status":"closed","template":"","meta":{"wp_typography_post_enhancements_disabled":false,"site-sidebar-layout":"no-sidebar","site-content-layout":"","ast-site-content-layout":"full-width-container","site-content-style":"default","site-sidebar-style":"default","ast-global-header-display":"","ast-banner-title-visibility":"","ast-main-header-display":"","ast-hfb-above-header-display":"","ast-hfb-below-header-display":"","ast-hfb-mobile-header-display":"","site-post-title":"disabled","ast-breadcrumbs-content":"","ast-featured-img":"disabled","footer-sml-layout":"","ast-disable-related-posts":"","theme-transparent-header-meta":"","adv-header-id-meta":"","stick-header-meta":"","header-above-stick-meta":"","header-main-stick-meta":"","header-below-stick-meta":"","astra-migrate-meta-layouts":"default","ast-page-background-enabled":"default","ast-page-background-meta":{"desktop":{"background-color":"var(--ast-global-color-5)","background-image":"","background-repeat":"repeat","background-position":"center center","background-size":"auto","background-attachment":"scroll","background-type":"","background-media":"","overlay-type":"","overlay-color":"","overlay-opacity":"","overlay-gradient":""},"tablet":{"background-color":"","background-image":"","background-repeat":"repeat","background-position":"center center","background-size":"auto","background-attachment":"scroll","background-type":"","background-media":"","overlay-type":"","overlay-color":"","overlay-opacity":"","overlay-gradient":""},"mobile":{"background-color":"","background-image":"","background-repeat":"repeat","background-position":"center center","background-size":"auto","background-attachment":"scroll","background-type":"","background-media":"","overlay-type":"","overlay-color":"","overlay-opacity":"","overlay-gradient":""}},"ast-content-background-meta":{"desktop":{"background-color":"var(--ast-global-color-4)","background-image":"","background-repeat":"repeat","background-position":"center center","background-size":"auto","background-attachment":"scroll","background-type":"","background-media":"","overlay-type":"","overlay-color":"","overlay-opacity":"","overlay-gradient":""},"tablet":{"background-color":"var(--ast-global-color-4)","background-image":"","background-repeat":"repeat","background-position":"center center","background-size":"auto","background-attachment":"scroll","background-type":"","background-media":"","overlay-type":"","overlay-color":"","overlay-opacity":"","overlay-gradient":""},"mobile":{"background-color":"var(--ast-global-color-4)","background-image":"","background-repeat":"repeat","background-position":"center center","background-size":"auto","background-attachment":"scroll","background-type":"","background-media":"","overlay-type":"","overlay-color":"","overlay-opacity":"","overlay-gradient":""}},"footnotes":""},"class_list":["post-471","page","type-page","status-publish","hentry"],"_links":{"self":[{"href":"https:\/\/tierhilfe-antalya.de\/index.php?rest_route=\/wp\/v2\/pages\/471","targetHints":{"allow":["GET"]}}],"collection":[{"href":"https:\/\/tierhilfe-antalya.de\/index.php?rest_route=\/wp\/v2\/pages"}],"about":[{"href":"https:\/\/tierhilfe-antalya.de\/index.php?rest_route=\/wp\/v2\/types\/page"}],"author":[{"embeddable":true,"href":"https:\/\/tierhilfe-antalya.de\/index.php?rest_route=\/wp\/v2\/users\/1"}],"replies":[{"embeddable":true,"href":"https:\/\/tierhilfe-antalya.de\/index.php?rest_route=%2Fwp%2Fv2%2Fcomments&post=471"}],"version-history":[{"count":9,"href":"https:\/\/tierhilfe-antalya.de\/index.php?rest_route=\/wp\/v2\/pages\/471\/revisions"}],"predecessor-version":[{"id":1534,"href":"https:\/\/tierhilfe-antalya.de\/index.php?rest_route=\/wp\/v2\/pages\/471\/revisions\/1534"}],"wp:attachment":[{"href":"https:\/\/tierhilfe-antalya.de\/index.php?rest_route=%2Fwp%2Fv2%2Fmedia&parent=471"}],"curies":[{"name":"wp","href":"https:\/\/api.w.org\/{rel}","templated":true}]}}